In base 9, what is 208 - -3?
212
In base 13, what is 1 - 37c?
-37b
In base 3, what is -1001 + -100210?
-101211
In base 13, what is 3 - -a?
10
In base 8, what is -1 - -244?
243
In base 15, what is 2d + 5?
33
In base 2, what is 100001001 + 0?
100001001
In base 6, what is 315 - -12?
331
In base 14, what is -b69 - -4?
-b65
In base 4, what is 123 + -12?
111
In base 7, what is 5 + 14?
22
In base 9, what is 5 - 2502?
-2486
In base 13, what is -5 - -44?
3c
In base 15, what is -20 - -1a1?
181
In base 2, what is 10 - 100101010?
-100101000
In base 12, what is -3 + b?
8
In base 6, what is 0 + 1255?
1255
In base 3, what is 10121 + 0?
10121
In base 14, what is -6c + -62?
-d0
In base 6, what is 41 - -54?
135
In base 7, what is -2 + 3231?
3226
In base 13, what is -4 - -a0b?
a07
In base 7, what is 3 - 33540?
-33534
In base 3, what is -1021 + 12?
-1002
In base 7, what is 32601 - -5?
32606
In base 12, what is 2 - -2201?
2203
In base 10, what is -217 - 2?
-219
In base 14, what is 1 + 2a8?
2a9
In base 15, what is -2 + -143?
-145
In base 9, what is -15 + 17?
2
In base 16, what is -7e - b?
-89
In base 10, what is -836 + -19?
-855
In base 5, what is -10 - 12?
-22
In base 12, what is -85 - -9?
-78
In base 7, what is -63 - -2?
-61
In base 5, what is -143430 - 1?
-143431
In base 13, what is 71 + 0?
71
In base 14, what is -1 - -38?
37
In base 13, what is -2a46 - 2?
-2a48
In base 3, what is -22 - -1212?
1120
In base 11, what is -8 + 1434?
1427
In base 6, what is -2 + 4152?
4150
In base 3, what is 0 + 10100?
10100
In base 4, what is -11 + -10111?
-10122
In base 7, what is 5145 - 1?
5144
In base 13, what is -576 + 0?
-576
In base 8, what is 44 + 2?
46
In base 4, what is 101200 + -2?
101132
In base 4, what is 112011 + -1?
112010
In base 3, what is 1210 - 11?
1122
In base 3, what is -12 + -101211?
-102000
In base 6, what is -5 + 13045?
13040
In base 16, what is -4 - -18?
14
In base 16, what is -6 - -4?
-2
In base 13, what is -265 + 21?
-244
In base 9, what is 0 + -15?
-15
In base 16, what is -3 - 10a?
-10d
In base 4, what is -20 - 111?
-131
In base 2, what is 100010 + -1111101111?
-1111001101
In base 11, what is -14 - 319?
-332
In base 3, what is -10 + -10?
-20
In base 8, what is -47 + 4?
-43
In base 6, what is 3151 + -5?
3142
In base 12, what is 1 - 97b?
-97a
In base 11, what is 157 + 1?
158
In base 9, what is 1670 - -2?
1672
In base 7, what is 5 - 1562?
-1554
In base 15, what is -169 - 2?
-16b
In base 7, what is 2 - -3652?
3654
In base 14, what is -6 + 3?
-3
In base 12, what is -2 - -40?
3a
In base 11, what is 0 - 381?
-381
In base 2, what is 100111 - 1?
100110
In base 4, what is 3 + -103?
-100
In base 4, what is -112210 - 10?
-112220
In base 16, what is -26 + d5?
af
In base 3, what is -122 - -1?
-121
In base 10, what is -5 + -27?
-32
In base 7, what is 1402 - -5?
1410
In base 3, what is -1011002 - -220?
-1010012
In base 12, what is 65 + 5a?
103
In base 15, what is 359 - 3?
356
In base 13, what is 35aa + -3?
35a7
In base 14, what is -8 - -112?
108
In base 7, what is 4 - 152?
-145
In base 10, what is 3 + 1045?
1048
In base 9, what is -3 - 12?
-15
In base 15, what is -256 - 4?
-25a
In base 15, what is 3 - 7?
-4
In base 11, what is -47 + -29?
-75
In base 4, what is -1202 - 110?
-1312
In base 12, what is 4 + -17?
-13
In base 12, what is -1120 + 1?
-111b
In base 15, what is -7e - -36?
-48
In base 12, what is -31b + -1?
-320
In base 15, what is -a + 133?
128
In base 7, what is 1 - 122?
-121
In base 8, what is -1 - -237?
236
In base 15, what is 91 + 0?
91
In base 3, what is 1101 + 12?
1120
In base 4, what is 11222 - 1?
11221
In base 15, what is -cc - -18?
-b4
In base 16, what is -4 - -57?
53
In base 15, what is b1 - -4?
b5
In base 2, what is -1011 + 10?
-1001
In base 3, what is -201221 + -10?
-202001
In base 16, what is -3 + -48a?
-48d
In base 3, what is 10 - 11122?
-11112
In base 12, what is -54 - 49?
-a1
In base 8, what is -15 + -4?
-21
In base 2, what is -110000011000 + 1000?
-110000010000
In base 3, what is 1121 - -101?
1222
In base 9, what is 8 + -2382?
-2373
In base 13, what is 0 + 96?
96
In base 16, what is -2 + -69f?
-6a1
In base 9, what is -615 + 2?
-613
In base 13, what is 73a - -7?
744
In base 2, what is 10001110111110 - -100?
10001111000010
In base 13, what is -1 + c2c?
c2b
In base 5, what is 13424 - 0?
13424
In base 7, what is 2 + 62?
64
In base 2, what is -11101 - 1101001?
-10000110
In base 15, what is 46 + -151?
-10a
In base 8, what is 1 - -32?
33
In base 14, what is 31 - 47?
-16
In base 16, what is 561 - -7?
568
In base 8, what is 3 - 12636?
-12633
In base 13, what is -197 + 2?
-195
In base 5, what is -12 - -12400?
12333
In base 13, what is -2c7 - -4?
-2c3
In base 13, what is -6a - 12?
-7c
In base 3, what is 10 - -1110022?
1110102
In base 2, what is -1100000100110 - 11?
-1100000101001
In base 16, what is d + -d?
0
In base 10, what is 154 - -5?
159
In base 15, what is 1 + 50?
51
In base 14, what is 8 + b?
15
In base 12, what is -2a - 11?
-3b
In base 15, what is 0 + 194d?
194d
In base 6, what is -103 + 1?
-102
In base 12, what is -13 + -1b?
-32
In base 11, what is -1161 - 8?
-1169
In base 7, what is -1 + 3042?
3041
In base 5, what is -2222 + 2?
-2220
In base 14, what is -23 - 21?
-44
In base 3, what is 1 - 10002?
-10001
In base 8, what is -4 - -1141?
1135
In base 2, what is 11001 + -110100?
-11011
In base 15, what is 2 - -351?
353
In base 9, what is 45 + 4?
50
In base 15, what is -1 - -9?
8
In base 15, what is -4 - -6?
2
In base 12, what is -581 + -1?
-582
In base 5, what is 10 - 440?
-430
In base 2, what is -10010011 - -10?
-10010001
In base 9, what is 5 - -256?
262
In base 3, what is 110011 + 1021?
111102
In base 3, what is -2 + 12200022?
12200020
In base 11, what is 3127 - -5?
3131
In base 4, what is 23 + -113?
-30
In base 11, what is -2 + -30?
-32
In base 11, what is 38 + 5?
42
In base 4, what is -20313 - 3?
-20322
In base 11, what is 35 - -19?
53
In base 6, what is 1103 - 4?
1055
In base 11, what is 19 - -21?
3a
In base 4, what is 101 - -1?
102
In base 8, what is -5 + -40?
-45
In base 16, what is 3 + -1f?
-1c
In base 8, what is -460 + 3?
-455
In base 3, what is -21121 - 2?
-21200
In base 9, what is -2143 + 5?
-2137
In base 4, what is 10 - 101021?
-101011
In base 5, what is 0 + -1003?
-1003
In base 14, what is -15 + 1?
-14
In base 15, what is 1d + 268?
286
In base 12, what is -3 + -55?
-58
In base 2, what is 1111100001011 + -1?
1111100001010
In base 16, what is 2f - 1?
2e
In base 7, what is 5260 - 4?
5253
In base 15, what is -62 - -2?
-60
In base 7, what is 215 - -5?
223
In base 13, what is 221 - 0?
221
In base 11, what is 111 - 5?
107
In base 7, what is 23 + -13?
10
In base 10, what is 4 - 783?
-779
In base 4, what is 10322 - -10?
10332
In base 6, what is -34 + 1105?
1031
In base 16, what is -47a - 1?
-47b
In base 14, what is -81 - -3?
-7c
In base 8, what is 3150 - 1?
3147
In base 14, what is -1cad + 3?
-1caa
In base 2, what is 10 - 1011?
-1001
In base 10, what is 10 + -79?
-69
In base 2, what is -11110 + -1001?
-100111
In base 10, what is -19 - -87?
68
In base 16, what is -dc - 3?
-df
In base 15, what is 60d1 + -1?
60d0
In base 6, what is 23105 + 4?
23113
In base 4, what is 1 - 130011?
-130010
In base 14, what is c + -26?
-18
In base 6, what is -4225 - -5?
-4220
In base 5, what is 31 - 2021?
-1440
In base 13, what is 0 + -1c9a?
-1c9a
In base 6, what is -104 - -1?
-103
In base 3, what is 12 - 10010?
-2221
In base 6, what is 20 - -10?
30
In base 11, what is 76 - 8?
69
In base 6, what is -113 - 42?
-155
In base 11, what is -449 + 3?
-446
In base 5, what is -1 + -310?
-311
In base 16, what is 8 + -d?
-5
In base 11, what is -75 + -1?
-76
In base 9, what is -4 + -10740?
-10744
In base 13, what is 3 - 64b?
-648
In base 11, what is 4 - 39?
-35
In base 4, what is -2 + -232220?
-232222
In base 16, what is 5 - 226?
-221
In base 3, what is -1121 - -101011?
22120
In base 6, what is -53 - -11?
-42
In base 15, what is -5 + 9?
4
In base 9, what is -3 - 28?
-32
In base 13, what is -1731 + -2?
-1733
In base 4, what is -1 - 1031?
-1032
In base 14, what is -3 - 45?
-48
In base 3, what is 2 + -101001?
-100222
In base 8, what is -21 - 12?
-33
In base 4, what is -1000 + 102?
-232
In base 4, what is -210132 + -3?
-210201
In base 14, what is -3 - 1975?
-1978
In base 4, what is 10 